 2856?
168
Calculate the highest common divisor of 27 and 252.
9
What is the highest common divisor of 12 and 84?
12
Calculate the greatest common divisor of 280 and 248.
8
What is the highest common factor of 5291 and 65?
13
Calculate the highest common factor of 1701 and 252.
63
Calculate the greatest common factor of 22 and 594.
22
Calculate the greatest common divisor of 36 and 50616.
36
Calculate the highest common factor of 1680 and 10.
10
Calculate the highest common divisor of 11 and 2673.
11
Calculate the highest common divisor of 3550 and 100.
50
What is the highest common divisor of 875 and 200?
25
Calculate the greatest common divisor of 3 and 69.
3
Calculate the highest common divisor of 4304 and 32.
16
Calculate the highest common divisor of 364 and 130.
26
Calculate the highest common divisor of 4581 and 27.
9
What is the highest common divisor of 18 and 10554?
6
What is the greatest common divisor of 684 and 608?
76
What is the highest common factor of 60 and 7656?
12
What is the highest common divisor of 50 and 400?
50
Calculate the highest common divisor of 1241 and 68.
17
What is the highest common factor of 140 and 525?
35
Calculate the highest common divisor of 29 and 1247.
29
Calculate the highest common divisor of 2970 and 45.
45
Calculate the greatest common factor of 600 and 3675.
75
Calculate the highest common divisor of 8 and 152.
8
Calculate the highest common divisor of 8 and 512.
8
What is the highest common factor of 1818 and 36?
18
What is the highest common factor of 69 and 12?
3
Calculate the greatest common divisor of 14 and 1178.
2
What is the highest common divisor of 111 and 33?
3
Calculate the greatest common factor of 3773 and 308.
77
Calculate the greatest common divisor of 99 and 22.
11
What is the highest common factor of 35 and 287?
7
Calculate the highest common divisor of 1 and 134.
1
What is the greatest common divisor of 860 and 40?
20
What is the highest common divisor of 300 and 200?
100
What is the greatest common factor of 532 and 133?
133
What is the highest common divisor of 2 and 46?
2
What is the greatest common divisor of 62 and 1271?
31
Calculate the highest common divisor of 5359 and 23.
23
Calculate the highest common factor of 26 and 4108.
26
What is the highest common factor of 52830 and 90?
90
Calculate the highest common factor of 16 and 18.
2
Calculate the greatest common divisor of 9 and 342.
9
What is the greatest common divisor of 54 and 504?
18
What is the highest common divisor of 216 and 30?
6
Calculate the greatest common factor of 791 and 3277.
113
What is the highest common divisor of 38 and 475?
19
What is the highest common factor of 31 and 527?
31
Calculate the greatest common factor of 247 and 455.
13
Calculate the greatest common factor of 290 and 1566.
58
Calculate the highest common divisor of 180 and 90.
90
Calculate the greatest common divisor of 21 and 952.
7
What is the highest common divisor of 3996 and 756?
108
Calculate the greatest common factor of 1544 and 128.
8
What is the highest common divisor of 9 and 243?
9
Calculate the greatest common factor of 364 and 595.
7
Calculate the greatest common factor of 5 and 13045.
5
What is the greatest common factor of 2324 and 56?
28
What is the greatest common divisor of 45456 and 36?
12
What is the greatest common factor of 2409 and 33?
33
What is the greatest common factor of 12878 and 1507?
137
Calculate the greatest common factor of 204 and 3264.
204
What is the highest common factor of 10693 and 34?
17
What is the highest common divisor of 1024 and 320?
64
What is the greatest common divisor of 60 and 348?
12
What is the highest common factor of 45 and 35?
5
What is the highest common divisor of 382 and 9359?
191
What is the greatest common divisor of 325 and 13?
13
What is the highest common factor of 516 and 387?
129
Calculate the highest common divisor of 42 and 3766.
14
What is the highest common divisor of 97 and 388?
97
Calculate the highest common divisor of 9 and 780.
3
Calculate the highest common factor of 1037 and 61.
61
Calculate the highest common divisor of 8673 and 1911.
147
Calculate the greatest common factor of 29 and 33379.
29
Calculate the highest common factor of 2007 and 18.
9
Calculate the greatest common divisor of 22826 and 202.
202
Calculate the greatest common divisor of 12 and 27372.
12
What is the highest common divisor of 116 and 725?
29
What is the highest common divisor of 7 and 1498?
7
Calculate the greatest common factor of 155 and 15.
5
What is the highest common divisor of 3 and 27?
3
What is the highest common factor of 312 and 6?
6
What is the highest common factor of 23 and 184?
23
What is the greatest common divisor of 21566 and 82?
82
What is the greatest common divisor of 975 and 3315?
195
Calculate the highest common divisor of 56 and 1694.
14
Calculate the highest common factor of 336 and 6608.
112
What is the greatest common divisor of 736 and 96?
32
What is the greatest common factor of 2289 and 7?
7
Calculate the greatest common divisor of 212 and 2.
2
What is the highest common divisor of 702 and 104?
26
Calculate the greatest common divisor of 30 and 2.
2
Calculate the greatest common factor of 6964 and 4.
4
Calculate the greatest common factor of 1910 and 1337.
191
Calculate the greatest common factor of 140 and 68.
4
Calculate the greatest common divisor of 280 and 42.
14
What is the highest common divisor of 3 and 90?
3
What is the highest common divisor of 1 and 331?
1
Calculate the highest common factor of 148 and 74.
74
What is the highest common divisor of 260 and 3250?
130
Calculate the greatest common divisor of 80 and 112.
16
What is the greatest common divisor of 20 and 590?
10
Calculate the greatest common divisor of 6 and 108.
6
What is the greatest common divisor of 85033 and 31?
31
What is the greatest common divisor of 700 and 308?
28
What is the highest common factor of 10 and 72?
2
Calculate the highest common divisor of 458 and 34121.
229
What is the greatest common divisor of 204 and 561?
51
Calculate the greatest common factor of 28 and 1778.
14
What is the highest common divisor of 30 and 240?
30
Calculate the greatest common divisor of 15471 and 382.
191
What is the highest common divisor of 42 and 10416?
42
Calculate the highest common divisor of 9470 and 50.
10
What is the highest common divisor of 4 and 13?
1
What is the highest common divisor of 819 and 234?
117
Calculate the highest common factor of 10428 and 237.
237
What is the greatest common divisor of 506 and 66?
22
Calculate the highest common factor of 38 and 18487.
19
What is the highest common factor of 3115 and 140?
35
What is the highest common divisor of 6398 and 42?
14
What is the greatest common divisor of 9933 and 539?
77
Calculate the greatest common divisor of 132 and 1914.
66
Calculate the highest common divisor of 111 and 13061.
37
What is the highest common divisor of 2116 and 644?
92
Calculate the highest common factor of 58 and 1943.
29
What is the greatest common factor of 517 and 11?
11
Calculate the greatest common divisor of 423 and 75.
3
Calculate the highest common factor of 165 and 15.
15
What is the highest common divisor of 1 and 3?
1
Calculate the greatest common divisor of 52 and 4849.
13
Calculate the highest common divisor of 618 and 14626.
206
What is the greatest common divisor of 14 and 749?
7
Calculate the greatest common factor of 22 and 3817.
11
Calculate the greatest common factor of 133 and 38.
19
Calculate the highest common factor of 1768 and 425.
17
What is the greatest common divisor of 1200 and 32?
16
Calculate the greatest common factor of 27 and 783.
27
What is the highest common divisor of 81 and 351?
27
Calculate the greatest common factor of 40 and 380.
20
What is the highest common divisor of 399 and 105?
21
Calculate the greatest common factor of 1200 and 160.
80
What is the highest common factor of 123 and 82?
41
Calculate the highest common divisor of 1166 and 66.
22
What is the greatest common divisor of 387 and 153?
9
Calculate the highest common factor of 1955 and 697.
17
What is the highest common factor of 5334 and 7?
7
Calculate the highest common divisor of 343 and 7.
7
Calculate the greatest common factor of 124 a